{"id":1759,"date":"2019-01-20T09:39:06","date_gmt":"2019-01-20T09:39:06","guid":{"rendered":"https:\/\/www.wexfm.pl\/?page_id=1759"},"modified":"2019-01-20T09:39:06","modified_gmt":"2019-01-20T09:39:06","slug":"rodo","status":"publish","type":"page","link":"https:\/\/www.wexfm.pl\/index.php\/rodo\/","title":{"rendered":"RODO"},"content":{"rendered":"<p style=\"text-align: center;\"><b>WEX Facility Management Sp. z o.o.\u00a0<\/b>z siedzib\u0105 w \u015awidnicy, ul. Gen. M. Langiewicza 7\/3, 58-105 \u015awidnica<\/p>\n<p>&nbsp;<\/p>\n<ul>\n<li><a href=\"https:\/\/www.wexfm.pl\/index.php\/klauzula-informacyjna\/\">Klauzula Informacyjna<\/a><\/li>\n<li><a href=\"https:\/\/www.wexfm.pl\/index.php\/polityka-prywatnosci\/\">Polityka Prywatno\u015bci<\/a><\/li>\n<\/ul>\n","protected":false},"excerpt":{"rendered":"<p>WEX Facility Management Sp. z o.o.\u00a0z siedzib\u0105 w \u015awidnicy, ul. Gen. M. Langiewicza 7\/3, 58-105 \u015awidnica &nbsp; Klauzula Informacyjna Polityka Prywatno\u015bci<\/p>\n","protected":false},"author":1,"featured_media":0,"parent":0,"menu_order":0,"comment_status":"closed","ping_status":"closed","template":"","meta":{"footnotes":""},"class_list":["post-1759","page","type-page","status-publish","hentry"],"yoast_head":"<!-- This site is optimized with the Yoast SEO plugin v27.5 - https:\/\/yoast.com\/product\/yoast-seo-wordpress\/ -->\n<title>RODO | Mobilny Zarz\u0105dca Nieruchomo\u015bci | WEX Facility Management<\/title>\n<meta name=\"description\" content=\"WEX Facility Management | Zintegrowane us\u0142ugi w zakresie Facility Management | Wsparcie Proces\u00f3w w Przemy\u015ble\" \/>\n<meta name=\"robots\" content=\"index, follow, max-snippet:-1, max-image-preview:large, max-video-preview:-1\" \/>\n<link rel=\"canonical\" href=\"https:\/\/www.wexfm.pl\/index.php\/rodo\/\" \/>\n<meta property=\"og:locale\" content=\"pl_PL\" \/>\n<meta property=\"og:type\" content=\"article\" \/>\n<meta property=\"og:title\" content=\"RODO | Mobilny Zarz\u0105dca Nieruchomo\u015bci | WEX Facility Management\" \/>\n<meta property=\"og:description\" content=\"WEX Facility Management | Zintegrowane us\u0142ugi w zakresie Facility Management | Wsparcie Proces\u00f3w w Przemy\u015ble\" \/>\n<meta property=\"og:url\" content=\"https:\/\/www.wexfm.pl\/index.php\/rodo\/\" \/>\n<meta property=\"og:site_name\" content=\"Mobilny Zarz\u0105dca Nieruchomo\u015bci | WEX Facility Management\" \/>\n<meta property=\"article:publisher\" content=\"https:\/\/www.facebook.com\/wexfm\/\" \/>\n<meta name=\"twitter:card\" content=\"summary_large_image\" \/>\n<meta name=\"twitter:site\" content=\"@wex_fm\" \/>\n<script type=\"application\/ld+json\" class=\"yoast-schema-graph\">{\"@context\":\"https:\\\/\\\/schema.org\",\"@graph\":[{\"@type\":\"WebPage\",\"@id\":\"https:\\\/\\\/www.wexfm.pl\\\/index.php\\\/rodo\\\/\",\"url\":\"https:\\\/\\\/www.wexfm.pl\\\/index.php\\\/rodo\\\/\",\"name\":\"RODO | Mobilny Zarz\u0105dca Nieruchomo\u015bci | WEX Facility Management\",\"isPartOf\":{\"@id\":\"https:\\\/\\\/www.wexfm.pl\\\/#website\"},\"datePublished\":\"2019-01-20T09:39:06+00:00\",\"description\":\"WEX Facility Management | Zintegrowane us\u0142ugi w zakresie Facility Management | Wsparcie Proces\u00f3w w Przemy\u015ble\",\"breadcrumb\":{\"@id\":\"https:\\\/\\\/www.wexfm.pl\\\/index.php\\\/rodo\\\/#breadcrumb\"},\"inLanguage\":\"pl-PL\",\"potentialAction\":[{\"@type\":\"ReadAction\",\"target\":[\"https:\\\/\\\/www.wexfm.pl\\\/index.php\\\/rodo\\\/\"]}]},{\"@type\":\"BreadcrumbList\",\"@id\":\"https:\\\/\\\/www.wexfm.pl\\\/index.php\\\/rodo\\\/#breadcrumb\",\"itemListElement\":[{\"@type\":\"ListItem\",\"position\":1,\"name\":\"Home\",\"item\":\"https:\\\/\\\/www.wexfm.pl\\\/\"},{\"@type\":\"ListItem\",\"position\":2,\"name\":\"RODO\"}]},{\"@type\":\"WebSite\",\"@id\":\"https:\\\/\\\/www.wexfm.pl\\\/#website\",\"url\":\"https:\\\/\\\/www.wexfm.pl\\\/\",\"name\":\"Mobilny Zarz\u0105dca Nieruchomo\u015bci | WEX Facility Management\",\"description\":\"Zintegrowane us\u0142ugi Facility Management | Wsparcie Proces\u00f3w Produkcyjnych\",\"publisher\":{\"@id\":\"https:\\\/\\\/www.wexfm.pl\\\/#organization\"},\"potentialAction\":[{\"@type\":\"SearchAction\",\"target\":{\"@type\":\"EntryPoint\",\"urlTemplate\":\"https:\\\/\\\/www.wexfm.pl\\\/?s={search_term_string}\"},\"query-input\":{\"@type\":\"PropertyValueSpecification\",\"valueRequired\":true,\"valueName\":\"search_term_string\"}}],\"inLanguage\":\"pl-PL\"},{\"@type\":\"Organization\",\"@id\":\"https:\\\/\\\/www.wexfm.pl\\\/#organization\",\"name\":\"WEX Facility Management Sp. z o.o. | Wsparcie Proces\u00f3w Przemys\u0142owych\",\"url\":\"https:\\\/\\\/www.wexfm.pl\\\/\",\"logo\":{\"@type\":\"ImageObject\",\"inLanguage\":\"pl-PL\",\"@id\":\"https:\\\/\\\/www.wexfm.pl\\\/#\\\/schema\\\/logo\\\/image\\\/\",\"url\":\"https:\\\/\\\/www.wexfm.pl\\\/wp-content\\\/uploads\\\/2016\\\/07\\\/Logo_WEX_Facility_Managment.png\",\"contentUrl\":\"https:\\\/\\\/www.wexfm.pl\\\/wp-content\\\/uploads\\\/2016\\\/07\\\/Logo_WEX_Facility_Managment.png\",\"width\":266,\"height\":79,\"caption\":\"WEX Facility Management Sp. z o.o. | Wsparcie Proces\u00f3w Przemys\u0142owych\"},\"image\":{\"@id\":\"https:\\\/\\\/www.wexfm.pl\\\/#\\\/schema\\\/logo\\\/image\\\/\"},\"sameAs\":[\"https:\\\/\\\/www.facebook.com\\\/wexfm\\\/\",\"https:\\\/\\\/x.com\\\/wex_fm\",\"https:\\\/\\\/www.linkedin.com\\\/company\\\/wex_facility\\\/\"]}]}<\/script>\n<!-- \/ Yoast SEO plugin. -->","yoast_head_json":{"title":"RODO | Mobilny Zarz\u0105dca Nieruchomo\u015bci | WEX Facility Management","description":"WEX Facility Management | Zintegrowane us\u0142ugi w zakresie Facility Management | Wsparcie Proces\u00f3w w Przemy\u015ble","robots":{"index":"index","follow":"follow","max-snippet":"max-snippet:-1","max-image-preview":"max-image-preview:large","max-video-preview":"max-video-preview:-1"},"canonical":"https:\/\/www.wexfm.pl\/index.php\/rodo\/","og_locale":"pl_PL","og_type":"article","og_title":"RODO | Mobilny Zarz\u0105dca Nieruchomo\u015bci | WEX Facility Management","og_description":"WEX Facility Management | Zintegrowane us\u0142ugi w zakresie Facility Management | Wsparcie Proces\u00f3w w Przemy\u015ble","og_url":"https:\/\/www.wexfm.pl\/index.php\/rodo\/","og_site_name":"Mobilny Zarz\u0105dca Nieruchomo\u015bci | WEX Facility Management","article_publisher":"https:\/\/www.facebook.com\/wexfm\/","twitter_card":"summary_large_image","twitter_site":"@wex_fm","schema":{"@context":"https:\/\/schema.org","@graph":[{"@type":"WebPage","@id":"https:\/\/www.wexfm.pl\/index.php\/rodo\/","url":"https:\/\/www.wexfm.pl\/index.php\/rodo\/","name":"RODO | Mobilny Zarz\u0105dca Nieruchomo\u015bci | WEX Facility Management","isPartOf":{"@id":"https:\/\/www.wexfm.pl\/#website"},"datePublished":"2019-01-20T09:39:06+00:00","description":"WEX Facility Management | Zintegrowane us\u0142ugi w zakresie Facility Management | Wsparcie Proces\u00f3w w Przemy\u015ble","breadcrumb":{"@id":"https:\/\/www.wexfm.pl\/index.php\/rodo\/#breadcrumb"},"inLanguage":"pl-PL","potentialAction":[{"@type":"ReadAction","target":["https:\/\/www.wexfm.pl\/index.php\/rodo\/"]}]},{"@type":"BreadcrumbList","@id":"https:\/\/www.wexfm.pl\/index.php\/rodo\/#breadcrumb","itemListElement":[{"@type":"ListItem","position":1,"name":"Home","item":"https:\/\/www.wexfm.pl\/"},{"@type":"ListItem","position":2,"name":"RODO"}]},{"@type":"WebSite","@id":"https:\/\/www.wexfm.pl\/#website","url":"https:\/\/www.wexfm.pl\/","name":"Mobilny Zarz\u0105dca Nieruchomo\u015bci | WEX Facility Management","description":"Zintegrowane us\u0142ugi Facility Management | Wsparcie Proces\u00f3w Produkcyjnych","publisher":{"@id":"https:\/\/www.wexfm.pl\/#organization"},"potentialAction":[{"@type":"SearchAction","target":{"@type":"EntryPoint","urlTemplate":"https:\/\/www.wexfm.pl\/?s={search_term_string}"},"query-input":{"@type":"PropertyValueSpecification","valueRequired":true,"valueName":"search_term_string"}}],"inLanguage":"pl-PL"},{"@type":"Organization","@id":"https:\/\/www.wexfm.pl\/#organization","name":"WEX Facility Management Sp. z o.o. | Wsparcie Proces\u00f3w Przemys\u0142owych","url":"https:\/\/www.wexfm.pl\/","logo":{"@type":"ImageObject","inLanguage":"pl-PL","@id":"https:\/\/www.wexfm.pl\/#\/schema\/logo\/image\/","url":"https:\/\/www.wexfm.pl\/wp-content\/uploads\/2016\/07\/Logo_WEX_Facility_Managment.png","contentUrl":"https:\/\/www.wexfm.pl\/wp-content\/uploads\/2016\/07\/Logo_WEX_Facility_Managment.png","width":266,"height":79,"caption":"WEX Facility Management Sp. z o.o. | Wsparcie Proces\u00f3w Przemys\u0142owych"},"image":{"@id":"https:\/\/www.wexfm.pl\/#\/schema\/logo\/image\/"},"sameAs":["https:\/\/www.facebook.com\/wexfm\/","https:\/\/x.com\/wex_fm","https:\/\/www.linkedin.com\/company\/wex_facility\/"]}]}},"_links":{"self":[{"href":"https:\/\/www.wexfm.pl\/index.php\/wp-json\/wp\/v2\/pages\/1759","targetHints":{"allow":["GET"]}}],"collection":[{"href":"https:\/\/www.wexfm.pl\/index.php\/wp-json\/wp\/v2\/pages"}],"about":[{"href":"https:\/\/www.wexfm.pl\/index.php\/wp-json\/wp\/v2\/types\/page"}],"author":[{"embeddable":true,"href":"https:\/\/www.wexfm.pl\/index.php\/wp-json\/wp\/v2\/users\/1"}],"replies":[{"embeddable":true,"href":"https:\/\/www.wexfm.pl\/index.php\/wp-json\/wp\/v2\/comments?post=1759"}],"version-history":[{"count":2,"href":"https:\/\/www.wexfm.pl\/index.php\/wp-json\/wp\/v2\/pages\/1759\/revisions"}],"predecessor-version":[{"id":1761,"href":"https:\/\/www.wexfm.pl\/index.php\/wp-json\/wp\/v2\/pages\/1759\/revisions\/1761"}],"wp:attachment":[{"href":"https:\/\/www.wexfm.pl\/index.php\/wp-json\/wp\/v2\/media?parent=1759"}],"curies":[{"name":"wp","href":"https:\/\/api.w.org\/{rel}","templated":true}]}}

<p style="text-align: center;"><b>WEX Facility Management Sp. z o.o. </b>z siedzibą w Świdnicy, ul. Gen. M. Langiewicza 7/3, 58-105 Świdnica</p>
<p>&nbsp;</p>
<ul>
<li><a href="https://www.wexfm.pl/index.php/klauzula-informacyjna/">Klauzula Informacyjna</a></li>
<li><a href="https://www.wexfm.pl/index.php/polityka-prywatnosci/">Polityka Prywatności</a></li>
</ul>

<p>WEX Facility Management Sp. z o.o. z siedzibą w Świdnicy, ul. Gen. M. Langiewicza 7/3, 58-105 Świdnica &nbsp; Klauzula Informacyjna Polityka Prywatności</p>

<!-- This site is optimized with the Yoast SEO plugin v27.5 - https://yoast.com/product/yoast-seo-wordpress/ -->
<title>RODO | Mobilny Zarządca Nieruchomości | WEX Facility Management</title>
<meta name="description" content="WEX Facility Management | Zintegrowane usługi w zakresie Facility Management | Wsparcie Procesów w Przemyśle" />
<meta name="robots" content="index, follow, max-snippet:-1, max-image-preview:large, max-video-preview:-1" />
<link rel="canonical" href="https://www.wexfm.pl/index.php/rodo/" />
<meta property="og:locale" content="pl_PL" />
<meta property="og:type" content="article" />
<meta property="og:title" content="RODO | Mobilny Zarządca Nieruchomości | WEX Facility Management" />
<meta property="og:description" content="WEX Facility Management | Zintegrowane usługi w zakresie Facility Management | Wsparcie Procesów w Przemyśle" />
<meta property="og:url" content="https://www.wexfm.pl/index.php/rodo/" />
<meta property="og:site_name" content="Mobilny Zarządca Nieruchomości | WEX Facility Management" />
<meta property="article:publisher" content="https://www.facebook.com/wexfm/" />
<meta name="twitter:card" content="summary_large_image" />
<meta name="twitter:site" content="@wex_fm" />
<script type="application/ld+json" class="yoast-schema-graph">{"@context":"https:\/\/schema.org","@graph":[{"@type":"WebPage","@id":"https:\/\/www.wexfm.pl\/index.php\/rodo\/","url":"https:\/\/www.wexfm.pl\/index.php\/rodo\/","name":"RODO | Mobilny Zarządca Nieruchomości | WEX Facility Management","isPartOf":{"@id":"https:\/\/www.wexfm.pl\/#website"},"datePublished":"2019-01-20T09:39:06+00:00","description":"WEX Facility Management | Zintegrowane usługi w zakresie Facility Management | Wsparcie Procesów w Przemyśle","breadcrumb":{"@id":"https:\/\/www.wexfm.pl\/index.php\/rodo\/#breadcrumb"},"inLanguage":"pl-PL","potentialAction":[{"@type":"ReadAction","target":["https:\/\/www.wexfm.pl\/index.php\/rodo\/"]}]},{"@type":"BreadcrumbList","@id":"https:\/\/www.wexfm.pl\/index.php\/rodo\/#breadcrumb","itemListElement":[{"@type":"ListItem","position":1,"name":"Home","item":"https:\/\/www.wexfm.pl\/"},{"@type":"ListItem","position":2,"name":"RODO"}]},{"@type":"WebSite","@id":"https:\/\/www.wexfm.pl\/#website","url":"https:\/\/www.wexfm.pl\/","name":"Mobilny Zarządca Nieruchomości | WEX Facility Management","description":"Zintegrowane usługi Facility Management | Wsparcie Procesów Produkcyjnych","publisher":{"@id":"https:\/\/www.wexfm.pl\/#organization"},"potentialAction":[{"@type":"SearchAction","target":{"@type":"EntryPoint","urlTemplate":"https:\/\/www.wexfm.pl\/?s={search_term_string}"},"query-input":{"@type":"PropertyValueSpecification","valueRequired":true,"valueName":"search_term_string"}}],"inLanguage":"pl-PL"},{"@type":"Organization","@id":"https:\/\/www.wexfm.pl\/#organization","name":"WEX Facility Management Sp. z o.o. | Wsparcie Procesów Przemysłowych","url":"https:\/\/www.wexfm.pl\/","logo":{"@type":"ImageObject","inLanguage":"pl-PL","@id":"https:\/\/www.wexfm.pl\/#\/schema\/logo\/image\/","url":"https:\/\/www.wexfm.pl\/wp-content\/uploads\/2016\/07\/Logo_WEX_Facility_Managment.png","contentUrl":"https:\/\/www.wexfm.pl\/wp-content\/uploads\/2016\/07\/Logo_WEX_Facility_Managment.png","width":266,"height":79,"caption":"WEX Facility Management Sp. z o.o. | Wsparcie Procesów Przemysłowych"},"image":{"@id":"https:\/\/www.wexfm.pl\/#\/schema\/logo\/image\/"},"sameAs":["https:\/\/www.facebook.com\/wexfm\/","https:\/\/x.com\/wex_fm","https:\/\/www.linkedin.com\/company\/wex_facility\/"]}]}</script>
<!-- / Yoast SEO plugin. -->

RODO | Mobilny Zarządca Nieruchomości | WEX Facility Management

WEX Facility Management | Zintegrowane usługi w zakresie Facility Management | Wsparcie Procesów w Przemyśle

Mobilny Zarządca Nieruchomości | WEX Facility Management

Zintegrowane usługi Facility Management | Wsparcie Procesów Produkcyjnych

WEX Facility Management Sp. z o.o. | Wsparcie Procesów Przemysłowych
