{"id":1755,"date":"2019-01-20T09:35:24","date_gmt":"2019-01-20T09:35:24","guid":{"rendered":"https:\/\/www.wexfm.pl\/?page_id=1755"},"modified":"2019-01-20T09:40:10","modified_gmt":"2019-01-20T09:40:10","slug":"polityka-prywatnosci","status":"publish","type":"page","link":"https:\/\/www.wexfm.pl\/index.php\/polityka-prywatnosci\/","title":{"rendered":"Polityka Prywatno\u015bci"},"content":{"rendered":"<h2 style=\"text-align: center;\"><strong>Polityka prywatno\u015bci oraz wykorzystania plik\u00f3w Cookies na stronie internetowej &#8211;\u00a0<\/strong><strong>www.wexfm.pl<\/strong><\/h2>\n<h3 style=\"text-align: center;\">Niniejszy dokument dotyczy przetwarzania oraz ochrony danych osobowych dotycz\u0105cych U\u017cytkownik\u00f3w w zwi\u0105zku z korzystaniem przez nich z serwisu: <strong>www.wexfm.pl\u00a0<\/strong>(dalej \u201eSerwis\u201d).<\/h3>\n<p style=\"text-align: center;\"><strong>WEX Facility Management Sp. z o.o. szanuje prawo do prywatno\u015bci U\u017cytkownik\u00f3w serwisu www.wexfm.pl.<\/strong><\/p>\n<p>&nbsp;<\/p>\n<p style=\"text-align: left;\">W szczeg\u00f3lno\u015bci dba o ochron\u0119 ich danych osobowych oraz stosuje odpowiednie rozwi\u0105zania organizacyjne i techniczne zapobiegaj\u0105ce ingerencji w prywatno\u015b\u0107 U\u017cytkownik\u00f3w przez osoby trzecie. Nasze dzia\u0142ania s\u0105 ukierunkowane na zagwarantowanie U\u017cytkownikowi poczucia pe\u0142nego bezpiecze\u0144stwa na poziomie odpowiednim do obowi\u0105zuj\u0105cego prawa, w tym:<\/p>\n<ol>\n<li>Rozporz\u0105dzenia Parlamentu Europejskiego i Rady 2016\/679 z dnia 27 kwietnia 2016 r. w sprawie ochrony os\u00f3b fizycznych w zwi\u0105zku z przetwarzaniem danych osobowych i w sprawie swobodnego przep\u0142ywu takich danych oraz uchylenia dyrektywy 95\/46\/WE (og\u00f3lne rozporz\u0105dzenie o ochronie danych);<\/li>\n<li>Ustawy z dnia 18 lipca 2002 r. o \u015bwiadczeniu us\u0142ug drog\u0105 elektroniczn\u0105;<\/li>\n<li>Ustawy z dnia 16 lipca 2004 r. Prawo telekomunikacyjne.<\/li>\n<\/ol>\n<p>Korzystanie z Serwisu <strong>www.wexfm.pl\u00a0<\/strong>jest realizowane za pomoc\u0105 bezpiecznego protoko\u0142u SSL, kt\u00f3ry istotnie zwi\u0119ksza ochron\u0119 transmisji danych w sieci Internet.<\/p>\n<p><strong>S\u0142ownik poj\u0119\u0107:<\/strong><\/p>\n<ul>\n<li><strong>cookie<\/strong>&#8211; jest to niewielka informacja zapisywana przez serwer na komputerze U\u017cytkownika, kt\u00f3r\u0105 serwer mo\u017ce odczyta\u0107 przy ponownym po\u0142\u0105czeniu si\u0119 z tego komputera,<\/li>\n<li><strong>log systemowy<\/strong>&#8211; jest to informacja, jak\u0105 przekazuje serwerowi komputer U\u017cytkownika przy ka\u017cdym po\u0142\u0105czeniu, mo\u017ce zawiera\u0107 r\u00f3\u017cne dane (np. numer IP), z kt\u00f3rych mo\u017cna mniej lub bardziej dok\u0142adnie ustali\u0107 sk\u0105d nast\u0105pi\u0142o po\u0142\u0105czenie,<\/li>\n<li><strong>adres IP<\/strong>&#8211; indywidualny numer, kt\u00f3ry z regu\u0142y posiada ka\u017cdy komputer pod\u0142\u0105czony do Internetu, numer IP mo\u017ce by\u0107 na sta\u0142e zwi\u0105zany z danym komputerem (statyczny) lub przydzielony mu na dane po\u0142\u0105czenie (dynamiczny),<\/li>\n<li><strong>protok\u00f3\u0142<\/strong><strong>SSL<\/strong>&#8211; specjalny standard przesy\u0142ania danych w Internecie, w kt\u00f3rym transmisja jest kodowana, w odr\u00f3\u017cnieniu od zwyk\u0142ego przesy\u0142ania, gdzie transmisja odbywa si\u0119 otwartym tekstem.<\/li>\n<\/ul>\n<p><strong>I. Administrator Danych Osobowych<\/strong><\/p>\n<p>Administratorem danych dotycz\u0105cych U\u017cytkownik\u00f3w gromadzonych z wykorzystaniem Serwisu jest:<\/p>\n<p><strong>WEX Facility Management Sp. z o.o.<br \/>\nul. Gen. M. Langiewicza 7\/3<br \/>\n58-105 \u015awidnica<\/strong><strong><br \/>\ne-mail: biuro@wexfm.pl<\/strong><\/p>\n<p><strong>II. Gromadzenie danych<\/strong><\/p>\n<p>W zakresie korzystania z Serwisu przez U\u017cytkownika\u00a0przechowujemy zapytania http kierowane do serwera. Przegl\u0105dane zasoby identyfikowane s\u0105 poprzez adresy URL i dotycz\u0105:<\/p>\n<ul>\n<li>publicznego adresu IP urz\u0105dzenia ko\u0144cowego, z kt\u00f3rego nadesz\u0142o zapytanie;<\/li>\n<li>czasu nadej\u015bcia zapytania;<\/li>\n<li>adresu URL strony poprzednio odwiedzanej przez U\u017cytkownika (tzw. referer link) \u2013 w przypadku gdy przej\u015bcie do Serwisu nast\u0105pi\u0142o przez zewn\u0119trzny odno\u015bnik;<\/li>\n<li>informacji o przegl\u0105darce U\u017cytkownika;<\/li>\n<li>informacji o b\u0142\u0119dach jakie nast\u0105pi\u0142y przy realizacji transakcji http.<\/li>\n<\/ul>\n<p>Powy\u017cej wskazane dane nie s\u0105 kojarzone z konkretnymi osobami przegl\u0105daj\u0105cymi strony Serwisu.<\/p>\n<p>Serwisy nie zbieraj\u0105 w spos\u00f3b automatyczny \u017cadnych informacji za wyj\u0105tkiem informacji zawartych w plikach Cookies. Gromadzone w ten spos\u00f3b informacje wykorzystywane s\u0105 m.in. do:<\/p>\n<ol>\n<li>zarz\u0105dzania Serwisem;<\/li>\n<li>stwierdzania ewentualnych zagro\u017ce\u0144 bezpiecze\u0144stwa;<\/li>\n<li>badania zagregowanego ruchu U\u017cytkownik\u00f3w w ramach Serwisu oraz w celach statystycznych, w tym z wykorzystaniem narz\u0119dzi Google Analytics;<\/li>\n<\/ol>\n<p>U\u017cytkownik Strony aby wys\u0142a\u0107 zapytanie poprzez formularz kontaktowy zostanie poproszony o podanie nast\u0119puj\u0105cych danych:<\/p>\n<ul>\n<li>imi\u0119 i nazwisko;<\/li>\n<\/ul>\n<ul>\n<li>adres e-mail<\/li>\n<\/ul>\n<p><strong>Podanie danych wskazanych powy\u017cej\u00a0jest dobrowolne<\/strong>jednak bez ich podania mo\u017ce nie by\u0107 mo\u017cliwe skontaktowanie si\u0119 poprzez formularz kontaktowy.<\/p>\n<p><strong>III. Przetwarzanie danych osobowych<\/strong><\/p>\n<p>Zebrane za po\u015brednictwem Serwisu dane dotycz\u0105ce U\u017cytkownika b\u0119d\u0105 by\u0107 wykorzystane w celu:<\/p>\n<ul>\n<li><strong>odpowiedzi na zapytanie<\/strong>na podstawie Art. 6 ust.1 lit. f\u00a0 Rozporz\u0105dzenia Parlamentu Europejskiego i Rady 2016\/679 z dnia 27 kwietnia 2016 ;<\/li>\n<\/ul>\n<p>Gromadzone dane osobowe U\u017cytkownik\u00f3w nie s\u0105 przekazywane organizacjom mi\u0119dzynarodowym czy do pa\u0144stw trzecich. Dane osobowe mog\u0105 by\u0107 przetwarzane przez inne podmioty zgodnie z prawem Unii lub prawem krajowym.<\/p>\n<p>Dane osobowe zebrane za po\u015brednictwem formularza kontaktowego, przetwarzane s\u0105 w celu i okresie niezb\u0119dnym do prawid\u0142owego obs\u0142u\u017cenia u\u017cytkownika.<\/p>\n<p><strong>Prawa U\u017cytkownika<\/strong><\/p>\n<p>U\u017cytkownik w zakresie procesu przetwarzania jego danych posiada uprawnienia:<\/p>\n<ul>\n<li>dost\u0119pu do danych;<\/li>\n<li>sprostowania danych;<\/li>\n<li>ograniczenia przetwarzania;<\/li>\n<li>wniesienia skargi do organu nadzorczego w zakresie ochrony danych osobowych \u2013 Prezesa Urz\u0119du Ochrony Danych Osobowych;<\/li>\n<\/ul>\n<p>&nbsp;<\/p>\n<p><strong>IV. Wykorzystanie plik\u00f3w Cookies<\/strong><\/p>\n<p><strong>Serwis, zgodnie z art. 173 Ustawy z dnia 16 lipca 2004 r. Prawo telekomunikacyjne, korzysta z plik\u00f3w Cookies\u00a0<\/strong>stanowi\u0105cych dane informatyczne, w szczeg\u00f3lno\u015bci pliki tekstowe, kt\u00f3re przechowywane s\u0105 w urz\u0105dzeniu ko\u0144cowym U\u017cytkownika. Pliki Cookies zazwyczaj zawieraj\u0105 nazw\u0119 strony internetowej, z kt\u00f3rej pochodz\u0105, czas przechowywania ich na urz\u0105dzeniu ko\u0144cowym oraz unikalny numer.<\/p>\n<p>Pliki Cookies wykorzystywane s\u0105 w celu:<\/p>\n<ol>\n<li>u\u0142atwienia U\u017cytkownikowi korzystania z Serwisu podczas jego przegl\u0105dania;<\/li>\n<li>p\u00f3\u017aniejszego skojarzenia U\u017cytkownika w przypadku ponownego po\u0142\u0105czenia Serwisu z urz\u0105dzeniem na kt\u00f3rym zosta\u0142y zapisane;<\/li>\n<li>tworzenia statystyk, kt\u00f3re pomagaj\u0105 zrozumie\u0107, w jaki spos\u00f3b U\u017cytkownicy Serwisu korzystaj\u0105 ze stron internetowych, co umo\u017cliwia ulepszanie ich struktury i zawarto\u015bci;<\/li>\n<li>dostosowania zawarto\u015bci stron internetowych Serwisu do okre\u015blonych preferencji U\u017cytkownika oraz optymalizacji korzystania ze stron internetowych, dostosowanych do indywidualnych potrzeb U\u017cytkownika;<\/li>\n<\/ol>\n<p>W ramach Serwisu wykorzystujemy nast\u0119puj\u0105ce rodzaje plik\u00f3w Cookies:<\/p>\n<ul>\n<li>\u201esesyjne\u201d &#8211; przechowywane s\u0105 w urz\u0105dzeniu ko\u0144cowym U\u017cytkownika do czasu wylogowania, opuszczenia strony internetowej lub wy\u0142\u0105czenia przegl\u0105darki internetowej;<\/li>\n<li>\u201esta\u0142e\u201d &#8211; przechowywane w urz\u0105dzeniu ko\u0144cowym U\u017cytkownika przez czas okre\u015blony w parametrach plik\u00f3w Cookies lub do czasu ich usuni\u0119cia przez U\u017cytkownika;<\/li>\n<li>\u201ewydajno\u015bciowe\u201d &#8211; umo\u017cliwiaj\u0105 zbieranie informacji o sposobie korzystania ze stron internetowych Serwisu;<\/li>\n<li>\u201eniezb\u0119dne\u201d &#8211; umo\u017cliwiaj\u0105ce korzystanie z us\u0142ug dost\u0119pnych w ramach Serwisu;<\/li>\n<li>\u201efunkcjonalne\u201d &#8211; umo\u017cliwiaj\u0105ce zapami\u0119tanie wybranych przez U\u017cytkownika ustawie\u0144 i personalizacj\u0119 interfejsu U\u017cytkownika;<\/li>\n<li>\u201ew\u0142asne\u201d &#8211; zamieszczane przez Serwis;<\/li>\n<li>\u201ezewn\u0119trzne\u201d &#8211; pochodz\u0105ce z witryny zewn\u0119trznej ni\u017c Serwis;<\/li>\n<\/ul>\n<p>Informacje w \u017caden spos\u00f3b nie s\u0105 \u0142\u0105czone z danymi osobowymi U\u017cytkownika Serwisu i nie s\u0105 wykorzystywane do okre\u015blenia to\u017csamo\u015bci U\u017cytkownika. Zakres informacji zbieranych automatycznie zale\u017cy od ustawie\u0144 przegl\u0105darki internetowej U\u017cytkownika. U\u017cytkownik powinien sprawdzi\u0107 ustawienia swojej przegl\u0105darki, aby dowiedzie\u0107 si\u0119 jakie informacje s\u0105 udost\u0119pniane przez przegl\u0105dark\u0119 automatycznie lub w celu dokonania zmiany tych ustawie\u0144. W tym celu zalecamy zapoznanie si\u0119 z tre\u015bci\u0105 \u201ePomocy\u201d u\u017cywanej przegl\u0105darki internetowej.<\/p>\n<p><strong><br \/>\n<\/strong><strong>Zmiana warunk\u00f3w przechowywania lub otrzymywania plik\u00f3w cookies jest mo\u017cliwa poprzez konfiguracj\u0119 ustawie\u0144 w przegl\u0105darkach internetowych, np.:<\/strong><\/p>\n<ul>\n<li>w przegl\u0105darce Internet Explorer<\/li>\n<li>w przegl\u0105darce Mozilla Firefox<\/li>\n<li>w przegl\u0105darce Chrome<\/li>\n<li>w przegl\u0105darce Opera<\/li>\n<li>w przegl\u0105darce Safari<\/li>\n<li>w przegl\u0105darce Microsoft Edge<\/li>\n<\/ul>\n<p>Oprogramowanie do przegl\u0105dania stron internetowych tj. przegl\u0105darka internetowa, zazwyczaj domy\u015blnie dopuszcza przechowywanie plik\u00f3w Cookies w urz\u0105dzeniu ko\u0144cowym U\u017cytkownika. U\u017cytkownicy Serwisu mog\u0105 dokona\u0107 zmiany ustawie\u0144 w tym zakresie. <strong>Przegl\u0105darka internetowa umo\u017cliwia usuni\u0119cie plik\u00f3w Cookies. Mo\u017cliwe jest tak\u017ce automatyczne blokowanie plik\u00f3w Cookies.\u00a0<\/strong>Szczeg\u00f3\u0142owe informacje na ten temat zawiera pomoc lub dokumentacja stosowanej przez U\u017cytkownika przegl\u0105darki internetowej.<\/p>\n<p>Je\u015bli U\u017cytkownik nie chce otrzymywa\u0107 plik\u00f3w Cookies, mo\u017ce zmieni\u0107 ustawienia swojej przegl\u0105darki. Jednak wy\u0142\u0105czenie obs\u0142ugi plik\u00f3w Cookies niezb\u0119dnych dla proces\u00f3w uwierzytelniania, bezpiecze\u0144stwa lub utrzymania preferencji U\u017cytkownika mo\u017ce utrudni\u0107, a w skrajnych przypadkach tak\u017ce uniemo\u017cliwi\u0107 korzystanie z Serwisu.<\/p>\n<p>&nbsp;<\/p>\n","protected":false},"excerpt":{"rendered":"<p>Polityka prywatno\u015bci oraz wykorzystania plik\u00f3w Cookies na stronie internetowej &#8211;\u00a0www.wexfm.pl Niniejszy dokument dotyczy przetwarzania oraz ochrony danych osobowych dotycz\u0105cych U\u017cytkownik\u00f3w w zwi\u0105zku z korzystaniem przez nich z serwisu: www.wexfm.pl\u00a0(dalej \u201eSerwis\u201d). WEX Facility Management Sp. z o.o. szanuje prawo do prywatno\u015bci U\u017cytkownik\u00f3w serwisu www.wexfm.pl. &nbsp; W szczeg\u00f3lno\u015bci dba o ochron\u0119 ich danych osobowych oraz stosuje odpowiednie [&hellip;]<\/p>\n","protected":false},"author":1,"featured_media":0,"parent":0,"menu_order":0,"comment_status":"closed","ping_status":"closed","template":"100-width.php","meta":{"footnotes":""},"class_list":["post-1755","page","type-page","status-publish","hentry"],"yoast_head":"<!-- This site is optimized with the Yoast SEO plugin v27.4 - https:\/\/yoast.com\/product\/yoast-seo-wordpress\/ -->\n<title>Polityka Prywatno\u015bci | Mobilny Zarz\u0105dca Nieruchomo\u015bci | WEX Facility Management<\/title>\n<meta name=\"description\" content=\"WEX Facility Management | Zintegrowane us\u0142ugi w zakresie Facility Management | Wsparcie Proces\u00f3w w Przemy\u015ble\" \/>\n<meta name=\"robots\" content=\"index, follow, max-snippet:-1, max-image-preview:large, max-video-preview:-1\" \/>\n<link rel=\"canonical\" href=\"https:\/\/www.wexfm.pl\/index.php\/polityka-prywatnosci\/\" \/>\n<meta property=\"og:locale\" content=\"pl_PL\" \/>\n<meta property=\"og:type\" content=\"article\" \/>\n<meta property=\"og:title\" content=\"Polityka Prywatno\u015bci | Mobilny Zarz\u0105dca Nieruchomo\u015bci | WEX Facility Management\" \/>\n<meta property=\"og:description\" content=\"WEX Facility Management | Zintegrowane us\u0142ugi w zakresie Facility Management | Wsparcie Proces\u00f3w w Przemy\u015ble\" \/>\n<meta property=\"og:url\" content=\"https:\/\/www.wexfm.pl\/index.php\/polityka-prywatnosci\/\" \/>\n<meta property=\"og:site_name\" content=\"Mobilny Zarz\u0105dca Nieruchomo\u015bci | WEX Facility Management\" \/>\n<meta property=\"article:publisher\" content=\"https:\/\/www.facebook.com\/wexfm\/\" \/>\n<meta property=\"article:modified_time\" content=\"2019-01-20T09:40:10+00:00\" \/>\n<meta name=\"twitter:card\" content=\"summary_large_image\" \/>\n<meta name=\"twitter:site\" content=\"@wex_fm\" \/>\n<meta name=\"twitter:label1\" content=\"Szacowany czas czytania\" \/>\n\t<meta name=\"twitter:data1\" content=\"6 minut\" \/>\n<script type=\"application\/ld+json\" class=\"yoast-schema-graph\">{\"@context\":\"https:\\\/\\\/schema.org\",\"@graph\":[{\"@type\":\"WebPage\",\"@id\":\"https:\\\/\\\/www.wexfm.pl\\\/index.php\\\/polityka-prywatnosci\\\/\",\"url\":\"https:\\\/\\\/www.wexfm.pl\\\/index.php\\\/polityka-prywatnosci\\\/\",\"name\":\"Polityka Prywatno\u015bci | Mobilny Zarz\u0105dca Nieruchomo\u015bci | WEX Facility Management\",\"isPartOf\":{\"@id\":\"https:\\\/\\\/www.wexfm.pl\\\/#website\"},\"datePublished\":\"2019-01-20T09:35:24+00:00\",\"dateModified\":\"2019-01-20T09:40:10+00:00\",\"description\":\"WEX Facility Management | Zintegrowane us\u0142ugi w zakresie Facility Management | Wsparcie Proces\u00f3w w Przemy\u015ble\",\"breadcrumb\":{\"@id\":\"https:\\\/\\\/www.wexfm.pl\\\/index.php\\\/polityka-prywatnosci\\\/#breadcrumb\"},\"inLanguage\":\"pl-PL\",\"potentialAction\":[{\"@type\":\"ReadAction\",\"target\":[\"https:\\\/\\\/www.wexfm.pl\\\/index.php\\\/polityka-prywatnosci\\\/\"]}]},{\"@type\":\"BreadcrumbList\",\"@id\":\"https:\\\/\\\/www.wexfm.pl\\\/index.php\\\/polityka-prywatnosci\\\/#breadcrumb\",\"itemListElement\":[{\"@type\":\"ListItem\",\"position\":1,\"name\":\"Home\",\"item\":\"https:\\\/\\\/www.wexfm.pl\\\/\"},{\"@type\":\"ListItem\",\"position\":2,\"name\":\"Polityka Prywatno\u015bci\"}]},{\"@type\":\"WebSite\",\"@id\":\"https:\\\/\\\/www.wexfm.pl\\\/#website\",\"url\":\"https:\\\/\\\/www.wexfm.pl\\\/\",\"name\":\"Mobilny Zarz\u0105dca Nieruchomo\u015bci | WEX Facility Management\",\"description\":\"Zintegrowane us\u0142ugi Facility Management | Wsparcie Proces\u00f3w Produkcyjnych\",\"publisher\":{\"@id\":\"https:\\\/\\\/www.wexfm.pl\\\/#organization\"},\"potentialAction\":[{\"@type\":\"SearchAction\",\"target\":{\"@type\":\"EntryPoint\",\"urlTemplate\":\"https:\\\/\\\/www.wexfm.pl\\\/?s={search_term_string}\"},\"query-input\":{\"@type\":\"PropertyValueSpecification\",\"valueRequired\":true,\"valueName\":\"search_term_string\"}}],\"inLanguage\":\"pl-PL\"},{\"@type\":\"Organization\",\"@id\":\"https:\\\/\\\/www.wexfm.pl\\\/#organization\",\"name\":\"WEX Facility Management Sp. z o.o. | Wsparcie Proces\u00f3w Przemys\u0142owych\",\"url\":\"https:\\\/\\\/www.wexfm.pl\\\/\",\"logo\":{\"@type\":\"ImageObject\",\"inLanguage\":\"pl-PL\",\"@id\":\"https:\\\/\\\/www.wexfm.pl\\\/#\\\/schema\\\/logo\\\/image\\\/\",\"url\":\"https:\\\/\\\/www.wexfm.pl\\\/wp-content\\\/uploads\\\/2016\\\/07\\\/Logo_WEX_Facility_Managment.png\",\"contentUrl\":\"https:\\\/\\\/www.wexfm.pl\\\/wp-content\\\/uploads\\\/2016\\\/07\\\/Logo_WEX_Facility_Managment.png\",\"width\":266,\"height\":79,\"caption\":\"WEX Facility Management Sp. z o.o. | Wsparcie Proces\u00f3w Przemys\u0142owych\"},\"image\":{\"@id\":\"https:\\\/\\\/www.wexfm.pl\\\/#\\\/schema\\\/logo\\\/image\\\/\"},\"sameAs\":[\"https:\\\/\\\/www.facebook.com\\\/wexfm\\\/\",\"https:\\\/\\\/x.com\\\/wex_fm\",\"https:\\\/\\\/www.linkedin.com\\\/company\\\/wex_facility\\\/\"]}]}<\/script>\n<!-- \/ Yoast SEO plugin. -->","yoast_head_json":{"title":"Polityka Prywatno\u015bci | Mobilny Zarz\u0105dca Nieruchomo\u015bci | WEX Facility Management","description":"WEX Facility Management | Zintegrowane us\u0142ugi w zakresie Facility Management | Wsparcie Proces\u00f3w w Przemy\u015ble","robots":{"index":"index","follow":"follow","max-snippet":"max-snippet:-1","max-image-preview":"max-image-preview:large","max-video-preview":"max-video-preview:-1"},"canonical":"https:\/\/www.wexfm.pl\/index.php\/polityka-prywatnosci\/","og_locale":"pl_PL","og_type":"article","og_title":"Polityka Prywatno\u015bci | Mobilny Zarz\u0105dca Nieruchomo\u015bci | WEX Facility Management","og_description":"WEX Facility Management | Zintegrowane us\u0142ugi w zakresie Facility Management | Wsparcie Proces\u00f3w w Przemy\u015ble","og_url":"https:\/\/www.wexfm.pl\/index.php\/polityka-prywatnosci\/","og_site_name":"Mobilny Zarz\u0105dca Nieruchomo\u015bci | WEX Facility Management","article_publisher":"https:\/\/www.facebook.com\/wexfm\/","article_modified_time":"2019-01-20T09:40:10+00:00","twitter_card":"summary_large_image","twitter_site":"@wex_fm","twitter_misc":{"Szacowany czas czytania":"6 minut"},"schema":{"@context":"https:\/\/schema.org","@graph":[{"@type":"WebPage","@id":"https:\/\/www.wexfm.pl\/index.php\/polityka-prywatnosci\/","url":"https:\/\/www.wexfm.pl\/index.php\/polityka-prywatnosci\/","name":"Polityka Prywatno\u015bci | Mobilny Zarz\u0105dca Nieruchomo\u015bci | WEX Facility Management","isPartOf":{"@id":"https:\/\/www.wexfm.pl\/#website"},"datePublished":"2019-01-20T09:35:24+00:00","dateModified":"2019-01-20T09:40:10+00:00","description":"WEX Facility Management | Zintegrowane us\u0142ugi w zakresie Facility Management | Wsparcie Proces\u00f3w w Przemy\u015ble","breadcrumb":{"@id":"https:\/\/www.wexfm.pl\/index.php\/polityka-prywatnosci\/#breadcrumb"},"inLanguage":"pl-PL","potentialAction":[{"@type":"ReadAction","target":["https:\/\/www.wexfm.pl\/index.php\/polityka-prywatnosci\/"]}]},{"@type":"BreadcrumbList","@id":"https:\/\/www.wexfm.pl\/index.php\/polityka-prywatnosci\/#breadcrumb","itemListElement":[{"@type":"ListItem","position":1,"name":"Home","item":"https:\/\/www.wexfm.pl\/"},{"@type":"ListItem","position":2,"name":"Polityka Prywatno\u015bci"}]},{"@type":"WebSite","@id":"https:\/\/www.wexfm.pl\/#website","url":"https:\/\/www.wexfm.pl\/","name":"Mobilny Zarz\u0105dca Nieruchomo\u015bci | WEX Facility Management","description":"Zintegrowane us\u0142ugi Facility Management | Wsparcie Proces\u00f3w Produkcyjnych","publisher":{"@id":"https:\/\/www.wexfm.pl\/#organization"},"potentialAction":[{"@type":"SearchAction","target":{"@type":"EntryPoint","urlTemplate":"https:\/\/www.wexfm.pl\/?s={search_term_string}"},"query-input":{"@type":"PropertyValueSpecification","valueRequired":true,"valueName":"search_term_string"}}],"inLanguage":"pl-PL"},{"@type":"Organization","@id":"https:\/\/www.wexfm.pl\/#organization","name":"WEX Facility Management Sp. z o.o. | Wsparcie Proces\u00f3w Przemys\u0142owych","url":"https:\/\/www.wexfm.pl\/","logo":{"@type":"ImageObject","inLanguage":"pl-PL","@id":"https:\/\/www.wexfm.pl\/#\/schema\/logo\/image\/","url":"https:\/\/www.wexfm.pl\/wp-content\/uploads\/2016\/07\/Logo_WEX_Facility_Managment.png","contentUrl":"https:\/\/www.wexfm.pl\/wp-content\/uploads\/2016\/07\/Logo_WEX_Facility_Managment.png","width":266,"height":79,"caption":"WEX Facility Management Sp. z o.o. | Wsparcie Proces\u00f3w Przemys\u0142owych"},"image":{"@id":"https:\/\/www.wexfm.pl\/#\/schema\/logo\/image\/"},"sameAs":["https:\/\/www.facebook.com\/wexfm\/","https:\/\/x.com\/wex_fm","https:\/\/www.linkedin.com\/company\/wex_facility\/"]}]}},"_links":{"self":[{"href":"https:\/\/www.wexfm.pl\/index.php\/wp-json\/wp\/v2\/pages\/1755","targetHints":{"allow":["GET"]}}],"collection":[{"href":"https:\/\/www.wexfm.pl\/index.php\/wp-json\/wp\/v2\/pages"}],"about":[{"href":"https:\/\/www.wexfm.pl\/index.php\/wp-json\/wp\/v2\/types\/page"}],"author":[{"embeddable":true,"href":"https:\/\/www.wexfm.pl\/index.php\/wp-json\/wp\/v2\/users\/1"}],"replies":[{"embeddable":true,"href":"https:\/\/www.wexfm.pl\/index.php\/wp-json\/wp\/v2\/comments?post=1755"}],"version-history":[{"count":4,"href":"https:\/\/www.wexfm.pl\/index.php\/wp-json\/wp\/v2\/pages\/1755\/revisions"}],"predecessor-version":[{"id":1762,"href":"https:\/\/www.wexfm.pl\/index.php\/wp-json\/wp\/v2\/pages\/1755\/revisions\/1762"}],"wp:attachment":[{"href":"https:\/\/www.wexfm.pl\/index.php\/wp-json\/wp\/v2\/media?parent=1755"}],"curies":[{"name":"wp","href":"https:\/\/api.w.org\/{rel}","templated":true}]}}