{"id":1563,"date":"2017-01-22T21:33:54","date_gmt":"2017-01-22T21:33:54","guid":{"rendered":"http:\/\/www.wexfm.pl\/?page_id=1563"},"modified":"2021-08-20T15:25:28","modified_gmt":"2021-08-20T15:25:28","slug":"partners","status":"publish","type":"page","link":"https:\/\/www.wexfm.pl\/index.php\/en\/partners\/","title":{"rendered":"Partners"},"content":{"rendered":"<div class=\"fusion-fullwidth fullwidth-box fusion-builder-row-1 nonhundred-percent-fullwidth non-hundred-percent-height-scrolling\" style=\"background-color: #ffffff;background-position: center center;background-repeat: no-repeat;padding-top:20px;padding-right:0px;padding-bottom:20px;padding-left:0px;margin-bottom: 0px;margin-top: 0px;border-width: 0px 0px 0px 0px;border-color:#eae9e9;border-style:solid;\" ><div class=\"fusion-builder-row fusion-row\"><div class=\"fusion-layout-column fusion_builder_column fusion-builder-column-0 fusion_builder_column_1_1 1_1 fusion-one-full fusion-column-first fusion-column-last\" style=\"margin-top:0px;margin-bottom:20px;\"><div class=\"fusion-column-wrapper fusion-flex-column-wrapper-legacy\" style=\"background-position:left top;background-repeat:no-repeat;-webkit-background-size:cover;-moz-background-size:cover;-o-background-size:cover;background-size:cover;padding: 0px 0px 0px 0px;\"><div class=\"fusion-column-content-centered\"><div class=\"fusion-column-content\"><div class=\"fusion-text fusion-text-1\"><h2 style=\"text-align: center;\"><span style=\"color: #000000;\">PARTNERS &amp; ASSOCIATES<\/span><\/h2>\n<\/div><div class=\"fusion-image-carousel fusion-image-carousel-auto fusion-image-carousel-1 lightbox-enabled\"><div class=\"fusion-carousel\" data-autoplay=\"yes\" data-columns=\"5\" data-itemmargin=\"13\" data-itemwidth=\"180\" data-touchscroll=\"no\" data-imagesize=\"auto\"><div class=\"fusion-carousel-positioner\"><ul class=\"fusion-carousel-holder\"><li class=\"fusion-carousel-item\"><div class=\"fusion-carousel-item-wrapper\"><div class=\"fusion-image-wrapper hover-type-none\"><a data-rel=\"iLightbox[image_carousel_1]\" data-title=\"Logo_earp\" aria-label=\"Logo_earp\" href=\"http:\/\/earp.co\" target=\"_blank\" rel=\"noopener noreferrer\"><img decoding=\"async\" width=\"340\" height=\"156\" src=\"https:\/\/www.wexfm.pl\/wp-content\/uploads\/2017\/01\/Logo_earp.png\" class=\"attachment-full size-full\" alt=\"\" srcset=\"https:\/\/www.wexfm.pl\/wp-content\/uploads\/2017\/01\/Logo_earp-200x92.png 200w, https:\/\/www.wexfm.pl\/wp-content\/uploads\/2017\/01\/Logo_earp.png 340w\" sizes=\"(min-width: 2200px) 100vw, (min-width: 915px) 298px, (min-width: 824px) 397px, (min-width: 732px) 596px, (min-width: 640px) 732px, \" \/><\/a><\/div><\/div><\/li><li class=\"fusion-carousel-item\"><div class=\"fusion-carousel-item-wrapper\"><div class=\"fusion-image-wrapper hover-type-none\"><a data-rel=\"iLightbox[image_carousel_1]\" data-title=\"Impeco Logo\" aria-label=\"Impeco Logo\" href=\"http:\/\/www.impeco.pl\" target=\"_self\"><img decoding=\"async\" width=\"1409\" height=\"1409\" src=\"https:\/\/www.wexfm.pl\/wp-content\/uploads\/2015\/02\/Impeco-Logo.png\" class=\"attachment-full size-full\" alt=\"\" srcset=\"https:\/\/www.wexfm.pl\/wp-content\/uploads\/2015\/02\/Impeco-Logo-200x200.png 200w, https:\/\/www.wexfm.pl\/wp-content\/uploads\/2015\/02\/Impeco-Logo-400x400.png 400w, https:\/\/www.wexfm.pl\/wp-content\/uploads\/2015\/02\/Impeco-Logo-600x600.png 600w, https:\/\/www.wexfm.pl\/wp-content\/uploads\/2015\/02\/Impeco-Logo-800x800.png 800w, https:\/\/www.wexfm.pl\/wp-content\/uploads\/2015\/02\/Impeco-Logo-1200x1200.png 1200w, https:\/\/www.wexfm.pl\/wp-content\/uploads\/2015\/02\/Impeco-Logo.png 1409w\" sizes=\"(min-width: 2200px) 100vw, (min-width: 915px) 298px, (min-width: 824px) 397px, (min-width: 732px) 596px, (min-width: 640px) 732px, \" \/><\/a><\/div><\/div><\/li><li class=\"fusion-carousel-item\"><div class=\"fusion-carousel-item-wrapper\"><div class=\"fusion-image-wrapper hover-type-none\"><a data-rel=\"iLightbox[image_carousel_1]\" data-title=\"SparrowDesign-Logo\" aria-label=\"SparrowDesign-Logo\" href=\"http:\/\/www.sparrowdesign.pl\" target=\"_blank\" rel=\"noopener noreferrer\"><img decoding=\"async\" width=\"351\" height=\"213\" src=\"https:\/\/www.wexfm.pl\/wp-content\/uploads\/2017\/01\/SparrowDesign-Logo.png\" class=\"attachment-full size-full\" alt=\"Wsparcie graficzne\" srcset=\"https:\/\/www.wexfm.pl\/wp-content\/uploads\/2017\/01\/SparrowDesign-Logo-200x121.png 200w, https:\/\/www.wexfm.pl\/wp-content\/uploads\/2017\/01\/SparrowDesign-Logo.png 351w\" sizes=\"(min-width: 2200px) 100vw, (min-width: 915px) 298px, (min-width: 824px) 397px, (min-width: 732px) 596px, (min-width: 640px) 732px, \" \/><\/a><\/div><\/div><\/li><li class=\"fusion-carousel-item\"><div class=\"fusion-carousel-item-wrapper\"><div class=\"fusion-image-wrapper hover-type-none\"><a data-rel=\"iLightbox[image_carousel_1]\" data-title=\"logo_AKAT\" aria-label=\"logo_AKAT\" href=\"http:\/\/www.akatconsulting.pl\" target=\"_blank\" rel=\"noopener noreferrer\"><img decoding=\"async\" width=\"529\" height=\"227\" src=\"https:\/\/www.wexfm.pl\/wp-content\/uploads\/2017\/01\/logo_AKAT-1.jpg\" class=\"attachment-full size-full\" alt=\"Training, coaching, UE investments\" \/><\/a><\/div><\/div><\/li><\/ul><div class=\"fusion-carousel-nav\"><button class=\"fusion-nav-prev awb-icon-left\" aria-label=\"Poprzedni\"><\/button><button class=\"fusion-nav-next awb-icon-right\" aria-label=\"Kolejny\"><\/button><\/div><\/div><\/div><\/div><\/div><\/div><div class=\"fusion-clearfix\"><\/div><\/div><\/div><\/div><\/div>\n","protected":false},"excerpt":{"rendered":"","protected":false},"author":1,"featured_media":0,"parent":0,"menu_order":0,"comment_status":"closed","ping_status":"closed","template":"","meta":{"footnotes":""},"class_list":["post-1563","page","type-page","status-publish","hentry"],"yoast_head":"<!-- This site is optimized with the Yoast SEO plugin v27.6 - https:\/\/yoast.com\/product\/yoast-seo-wordpress\/ -->\n<title>Partners | Mobilny Zarz\u0105dca Nieruchomo\u015bci | WEX Facility Management<\/title>\n<meta name=\"description\" content=\"WEX Facility Management | Zintegrowane us\u0142ugi w zakresie Facility Management | Wsparcie Proces\u00f3w w Przemy\u015ble\" \/>\n<meta name=\"robots\" content=\"index, follow, max-snippet:-1, max-image-preview:large, max-video-preview:-1\" \/>\n<link rel=\"canonical\" href=\"https:\/\/www.wexfm.pl\/index.php\/en\/partners\/\" \/>\n<meta property=\"og:locale\" content=\"pl_PL\" \/>\n<meta property=\"og:type\" content=\"article\" \/>\n<meta property=\"og:title\" content=\"Partners | Mobilny Zarz\u0105dca Nieruchomo\u015bci | WEX Facility Management\" \/>\n<meta property=\"og:description\" content=\"WEX Facility Management | Zintegrowane us\u0142ugi w zakresie Facility Management | Wsparcie Proces\u00f3w w Przemy\u015ble\" \/>\n<meta property=\"og:url\" content=\"https:\/\/www.wexfm.pl\/index.php\/en\/partners\/\" \/>\n<meta property=\"og:site_name\" content=\"Mobilny Zarz\u0105dca Nieruchomo\u015bci | WEX Facility Management\" \/>\n<meta property=\"article:publisher\" content=\"https:\/\/www.facebook.com\/wexfm\/\" \/>\n<meta property=\"article:modified_time\" content=\"2021-08-20T15:25:28+00:00\" \/>\n<meta name=\"twitter:card\" content=\"summary_large_image\" \/>\n<meta name=\"twitter:site\" content=\"@wex_fm\" \/>\n<meta name=\"twitter:label1\" content=\"Szacowany czas czytania\" \/>\n\t<meta name=\"twitter:data1\" content=\"1 minuta\" \/>\n<script type=\"application\/ld+json\" class=\"yoast-schema-graph\">{\"@context\":\"https:\\\/\\\/schema.org\",\"@graph\":[{\"@type\":\"WebPage\",\"@id\":\"https:\\\/\\\/www.wexfm.pl\\\/index.php\\\/en\\\/partners\\\/\",\"url\":\"https:\\\/\\\/www.wexfm.pl\\\/index.php\\\/en\\\/partners\\\/\",\"name\":\"Partners | Mobilny Zarz\u0105dca Nieruchomo\u015bci | WEX Facility Management\",\"isPartOf\":{\"@id\":\"https:\\\/\\\/www.wexfm.pl\\\/#website\"},\"datePublished\":\"2017-01-22T21:33:54+00:00\",\"dateModified\":\"2021-08-20T15:25:28+00:00\",\"description\":\"WEX Facility Management | Zintegrowane us\u0142ugi w zakresie Facility Management | Wsparcie Proces\u00f3w w Przemy\u015ble\",\"breadcrumb\":{\"@id\":\"https:\\\/\\\/www.wexfm.pl\\\/index.php\\\/en\\\/partners\\\/#breadcrumb\"},\"inLanguage\":\"pl-PL\",\"potentialAction\":[{\"@type\":\"ReadAction\",\"target\":[\"https:\\\/\\\/www.wexfm.pl\\\/index.php\\\/en\\\/partners\\\/\"]}]},{\"@type\":\"BreadcrumbList\",\"@id\":\"https:\\\/\\\/www.wexfm.pl\\\/index.php\\\/en\\\/partners\\\/#breadcrumb\",\"itemListElement\":[{\"@type\":\"ListItem\",\"position\":1,\"name\":\"Home\",\"item\":\"https:\\\/\\\/www.wexfm.pl\\\/\"},{\"@type\":\"ListItem\",\"position\":2,\"name\":\"Partners\"}]},{\"@type\":\"WebSite\",\"@id\":\"https:\\\/\\\/www.wexfm.pl\\\/#website\",\"url\":\"https:\\\/\\\/www.wexfm.pl\\\/\",\"name\":\"Mobilny Zarz\u0105dca Nieruchomo\u015bci | WEX Facility Management\",\"description\":\"Zintegrowane us\u0142ugi Facility Management | Wsparcie Proces\u00f3w Produkcyjnych\",\"publisher\":{\"@id\":\"https:\\\/\\\/www.wexfm.pl\\\/#organization\"},\"potentialAction\":[{\"@type\":\"SearchAction\",\"target\":{\"@type\":\"EntryPoint\",\"urlTemplate\":\"https:\\\/\\\/www.wexfm.pl\\\/?s={search_term_string}\"},\"query-input\":{\"@type\":\"PropertyValueSpecification\",\"valueRequired\":true,\"valueName\":\"search_term_string\"}}],\"inLanguage\":\"pl-PL\"},{\"@type\":\"Organization\",\"@id\":\"https:\\\/\\\/www.wexfm.pl\\\/#organization\",\"name\":\"WEX Facility Management Sp. z o.o. | Wsparcie Proces\u00f3w Przemys\u0142owych\",\"url\":\"https:\\\/\\\/www.wexfm.pl\\\/\",\"logo\":{\"@type\":\"ImageObject\",\"inLanguage\":\"pl-PL\",\"@id\":\"https:\\\/\\\/www.wexfm.pl\\\/#\\\/schema\\\/logo\\\/image\\\/\",\"url\":\"https:\\\/\\\/www.wexfm.pl\\\/wp-content\\\/uploads\\\/2016\\\/07\\\/Logo_WEX_Facility_Managment.png\",\"contentUrl\":\"https:\\\/\\\/www.wexfm.pl\\\/wp-content\\\/uploads\\\/2016\\\/07\\\/Logo_WEX_Facility_Managment.png\",\"width\":266,\"height\":79,\"caption\":\"WEX Facility Management Sp. z o.o. | Wsparcie Proces\u00f3w Przemys\u0142owych\"},\"image\":{\"@id\":\"https:\\\/\\\/www.wexfm.pl\\\/#\\\/schema\\\/logo\\\/image\\\/\"},\"sameAs\":[\"https:\\\/\\\/www.facebook.com\\\/wexfm\\\/\",\"https:\\\/\\\/x.com\\\/wex_fm\",\"https:\\\/\\\/www.linkedin.com\\\/company\\\/wex_facility\\\/\"]}]}<\/script>\n<!-- \/ Yoast SEO plugin. -->","yoast_head_json":{"title":"Partners | Mobilny Zarz\u0105dca Nieruchomo\u015bci | WEX Facility Management","description":"WEX Facility Management | Zintegrowane us\u0142ugi w zakresie Facility Management | Wsparcie Proces\u00f3w w Przemy\u015ble","robots":{"index":"index","follow":"follow","max-snippet":"max-snippet:-1","max-image-preview":"max-image-preview:large","max-video-preview":"max-video-preview:-1"},"canonical":"https:\/\/www.wexfm.pl\/index.php\/en\/partners\/","og_locale":"pl_PL","og_type":"article","og_title":"Partners | Mobilny Zarz\u0105dca Nieruchomo\u015bci | WEX Facility Management","og_description":"WEX Facility Management | Zintegrowane us\u0142ugi w zakresie Facility Management | Wsparcie Proces\u00f3w w Przemy\u015ble","og_url":"https:\/\/www.wexfm.pl\/index.php\/en\/partners\/","og_site_name":"Mobilny Zarz\u0105dca Nieruchomo\u015bci | WEX Facility Management","article_publisher":"https:\/\/www.facebook.com\/wexfm\/","article_modified_time":"2021-08-20T15:25:28+00:00","twitter_card":"summary_large_image","twitter_site":"@wex_fm","twitter_misc":{"Szacowany czas czytania":"1 minuta"},"schema":{"@context":"https:\/\/schema.org","@graph":[{"@type":"WebPage","@id":"https:\/\/www.wexfm.pl\/index.php\/en\/partners\/","url":"https:\/\/www.wexfm.pl\/index.php\/en\/partners\/","name":"Partners | Mobilny Zarz\u0105dca Nieruchomo\u015bci | WEX Facility Management","isPartOf":{"@id":"https:\/\/www.wexfm.pl\/#website"},"datePublished":"2017-01-22T21:33:54+00:00","dateModified":"2021-08-20T15:25:28+00:00","description":"WEX Facility Management | Zintegrowane us\u0142ugi w zakresie Facility Management | Wsparcie Proces\u00f3w w Przemy\u015ble","breadcrumb":{"@id":"https:\/\/www.wexfm.pl\/index.php\/en\/partners\/#breadcrumb"},"inLanguage":"pl-PL","potentialAction":[{"@type":"ReadAction","target":["https:\/\/www.wexfm.pl\/index.php\/en\/partners\/"]}]},{"@type":"BreadcrumbList","@id":"https:\/\/www.wexfm.pl\/index.php\/en\/partners\/#breadcrumb","itemListElement":[{"@type":"ListItem","position":1,"name":"Home","item":"https:\/\/www.wexfm.pl\/"},{"@type":"ListItem","position":2,"name":"Partners"}]},{"@type":"WebSite","@id":"https:\/\/www.wexfm.pl\/#website","url":"https:\/\/www.wexfm.pl\/","name":"Mobilny Zarz\u0105dca Nieruchomo\u015bci | WEX Facility Management","description":"Zintegrowane us\u0142ugi Facility Management | Wsparcie Proces\u00f3w Produkcyjnych","publisher":{"@id":"https:\/\/www.wexfm.pl\/#organization"},"potentialAction":[{"@type":"SearchAction","target":{"@type":"EntryPoint","urlTemplate":"https:\/\/www.wexfm.pl\/?s={search_term_string}"},"query-input":{"@type":"PropertyValueSpecification","valueRequired":true,"valueName":"search_term_string"}}],"inLanguage":"pl-PL"},{"@type":"Organization","@id":"https:\/\/www.wexfm.pl\/#organization","name":"WEX Facility Management Sp. z o.o. | Wsparcie Proces\u00f3w Przemys\u0142owych","url":"https:\/\/www.wexfm.pl\/","logo":{"@type":"ImageObject","inLanguage":"pl-PL","@id":"https:\/\/www.wexfm.pl\/#\/schema\/logo\/image\/","url":"https:\/\/www.wexfm.pl\/wp-content\/uploads\/2016\/07\/Logo_WEX_Facility_Managment.png","contentUrl":"https:\/\/www.wexfm.pl\/wp-content\/uploads\/2016\/07\/Logo_WEX_Facility_Managment.png","width":266,"height":79,"caption":"WEX Facility Management Sp. z o.o. | Wsparcie Proces\u00f3w Przemys\u0142owych"},"image":{"@id":"https:\/\/www.wexfm.pl\/#\/schema\/logo\/image\/"},"sameAs":["https:\/\/www.facebook.com\/wexfm\/","https:\/\/x.com\/wex_fm","https:\/\/www.linkedin.com\/company\/wex_facility\/"]}]}},"_links":{"self":[{"href":"https:\/\/www.wexfm.pl\/index.php\/wp-json\/wp\/v2\/pages\/1563","targetHints":{"allow":["GET"]}}],"collection":[{"href":"https:\/\/www.wexfm.pl\/index.php\/wp-json\/wp\/v2\/pages"}],"about":[{"href":"https:\/\/www.wexfm.pl\/index.php\/wp-json\/wp\/v2\/types\/page"}],"author":[{"embeddable":true,"href":"https:\/\/www.wexfm.pl\/index.php\/wp-json\/wp\/v2\/users\/1"}],"replies":[{"embeddable":true,"href":"https:\/\/www.wexfm.pl\/index.php\/wp-json\/wp\/v2\/comments?post=1563"}],"version-history":[{"count":5,"href":"https:\/\/www.wexfm.pl\/index.php\/wp-json\/wp\/v2\/pages\/1563\/revisions"}],"predecessor-version":[{"id":1812,"href":"https:\/\/www.wexfm.pl\/index.php\/wp-json\/wp\/v2\/pages\/1563\/revisions\/1812"}],"wp:attachment":[{"href":"https:\/\/www.wexfm.pl\/index.php\/wp-json\/wp\/v2\/media?parent=1563"}],"curies":[{"name":"wp","href":"https:\/\/api.w.org\/{rel}","templated":true}]}}