{"id":1452,"date":"2016-12-29T14:32:17","date_gmt":"2016-12-29T14:32:17","guid":{"rendered":"http:\/\/www.wexfm.pl\/?page_id=1452"},"modified":"2017-01-29T21:19:45","modified_gmt":"2017-01-29T21:19:45","slug":"contact-us","status":"publish","type":"page","link":"https:\/\/www.wexfm.pl\/index.php\/en\/contact-us\/","title":{"rendered":"Contact Us"},"content":{"rendered":"<div class=\"fusion-fullwidth fullwidth-box fusion-builder-row-1 nonhundred-percent-fullwidth non-hundred-percent-height-scrolling\" style=\"background-color: rgba(255,255,255,0);background-position: left top;background-repeat: no-repeat;padding-top:110px;padding-right:0px;padding-bottom:100px;padding-left:0px;margin-bottom: 0px;margin-top: 0px;border-width: 0px 0px 0px 0px;border-color:#eae9e9;border-style:solid;\" ><div class=\"fusion-builder-row fusion-row\"><div class=\"fusion-layout-column fusion_builder_column fusion-builder-column-0 fusion_builder_column_1_1 1_1 fusion-one-full fusion-column-first fusion-column-last fusion-column-no-min-height\" style=\"margin-top:0px;margin-bottom:0px;\"><div class=\"fusion-column-wrapper fusion-flex-column-wrapper-legacy\" style=\"background-position:left top;background-repeat:no-repeat;-webkit-background-size:cover;-moz-background-size:cover;-o-background-size:cover;background-size:cover;padding: 0px 0px 0px 0px;\"><div class=\"fusion-text fusion-text-1\"><h2 style=\"text-align: center;\">WEX FACILITY MANAGEMENT<\/h2>\n<h3 style=\"text-align: center;\">MOBILE FACILITY MANAGEMENT SERVICE PROVIDER<\/h3>\n<\/div><div class=\"fusion-text fusion-text-2\"><h4 style=\"text-align: center;\">WRITE TO US NOW SO OUR EXPERTS COULD ANSWER YOUR QUESTIONS RIGHT NOW<\/h4>\n<\/div><div class=\"fusion-sep-clear\"><\/div><div class=\"fusion-separator\" style=\"margin-left: auto;margin-right: auto;margin-top:25px;margin-bottom:25px;width:100%;max-width:50%;\"><\/div><div class=\"fusion-sep-clear\"><\/div><div class=\"fusion-text fusion-text-3\"><p style=\"text-align: center;\">As the only provider of Facility Management, WEX FM offers mobile services on the principle of &#8222;Off Site&#8221; where our staff appear on the object only when needed. This model has been repeatedly tested and confirmed the ability to seamlessly manage the building and its infrastructure while providing a measurable savings for property owners. It is for our customers adapt business models and sew all services tailored so as to be able to 100% satisfy all the needs of your staff and buildings. Behind all this is a group of experts who are passionate for what they do, to design service packages and perform all of the tasks referrals. We invite you to cooperation.<\/p>\n<\/div><div class=\"fusion-sep-clear\"><\/div><div class=\"fusion-separator\" style=\"margin-left: auto;margin-right: auto;margin-top:50px;margin-bottom:50px;width:100%;max-width:50%;\"><\/div><div class=\"fusion-sep-clear\"><\/div><div class=\"fusion-clearfix\"><\/div><\/div><\/div><div class=\"fusion-layout-column fusion_builder_column fusion-builder-column-1 fusion_builder_column_1_1 1_1 fusion-one-full fusion-column-first fusion-column-last green-border rounded-border\" style=\"margin-top:0px;margin-bottom:20px;\"><div class=\"fusion-column-wrapper fusion-flex-column-wrapper-legacy\" style=\"background-position:left top;background-repeat:no-repeat;-webkit-background-size:cover;-moz-background-size:cover;-o-background-size:cover;background-size:cover;background-color:#ffffff;border:1px solid #e2e2e2;padding: 40px 60px 20px;\"><div class=\"fusion-sep-clear\"><\/div><div class=\"fusion-separator fusion-full-width-sep\" style=\"margin-left: auto;margin-right: auto;margin-top:20px;width:100%;\"><\/div><div class=\"fusion-sep-clear\"><\/div><div class=\"fusion-content-boxes content-boxes columns row fusion-columns-4 fusion-columns-total-4 fusion-content-boxes-1 content-boxes-icon-on-top content-left\" data-animationOffset=\"top-into-view\" style=\"margin-top:0px;margin-bottom:20px;\"><style type=\"text\/css\">.fusion-content-boxes-1 .heading .content-box-heading {color:#213284;}\n\t\t\t\t\t.fusion-content-boxes-1 .fusion-content-box-hover .link-area-link-icon-hover .heading .content-box-heading,\n\t\t\t\t\t.fusion-content-boxes-1 .fusion-content-box-hover .link-area-link-icon-hover .heading .heading-link .content-box-heading,\n\t\t\t\t\t.fusion-content-boxes-1 .fusion-content-box-hover .link-area-box-hover .heading .content-box-heading,\n\t\t\t\t\t.fusion-content-boxes-1 .fusion-content-box-hover .link-area-box-hover .heading .heading-link .content-box-heading,\n\t\t\t\t\t.fusion-content-boxes-1 .fusion-content-box-hover .link-area-link-icon-hover.link-area-box .fusion-read-more,\n\t\t\t\t\t.fusion-content-boxes-1 .fusion-content-box-hover .link-area-link-icon-hover.link-area-box .fusion-read-more::after,\n\t\t\t\t\t.fusion-content-boxes-1 .fusion-content-box-hover .link-area-link-icon-hover.link-area-box .fusion-read-more::before,\n\t\t\t\t\t.fusion-content-boxes-1 .fusion-content-box-hover .fusion-read-more:hover:after,\n\t\t\t\t\t.fusion-content-boxes-1 .fusion-content-box-hover .fusion-read-more:hover:before,\n\t\t\t\t\t.fusion-content-boxes-1 .fusion-content-box-hover .fusion-read-more:hover,\n\t\t\t\t\t.fusion-content-boxes-1 .fusion-content-box-hover .link-area-box-hover.link-area-box .fusion-read-more,\n\t\t\t\t\t.fusion-content-boxes-1 .fusion-content-box-hover .link-area-box-hover.link-area-box .fusion-read-more::after,\n\t\t\t\t\t.fusion-content-boxes-1 .fusion-content-box-hover .link-area-box-hover.link-area-box .fusion-read-more::before,\n\t\t\t\t\t.fusion-content-boxes-1 .fusion-content-box-hover .link-area-link-icon-hover .icon .circle-no,\n\t\t\t\t\t.fusion-content-boxes-1 .heading .heading-link:hover .content-box-heading {\n\t\t\t\t\t\tcolor: #e6427e;\n\t\t\t\t\t}\n\t\t\t\t\t.fusion-content-boxes-1 .fusion-content-box-hover .link-area-box-hover .icon .circle-no {\n\t\t\t\t\t\tcolor: #e6427e !important;\n\t\t\t\t\t}.fusion-content-boxes-1 .fusion-content-box-hover .link-area-box.link-area-box-hover .fusion-content-box-button {background: #e6427e;color: #ffffff;}.fusion-content-boxes-1 .fusion-content-box-hover .link-area-box.link-area-box-hover .fusion-content-box-button .fusion-button-text {color: #ffffff;}\n\t\t\t\t\t.fusion-content-boxes-1 .fusion-content-box-hover .link-area-link-icon-hover .heading .icon > span {\n\t\t\t\t\t\tbackground-color: transparent !important;\n\t\t\t\t\t}\n\t\t\t\t\t.fusion-content-boxes-1 .fusion-content-box-hover .link-area-box-hover .heading .icon > span {\n\t\t\t\t\t\tborder-color: #e6427e !important;\n\t\t\t\t\t}<\/style><div class=\"fusion-column content-box-column content-box-column content-box-column-1 col-lg-3 col-md-3 col-sm-3 fusion-content-box-hover content-box-column-first-in-row\"><div class=\"col content-box-wrapper content-wrapper link-area-box icon-hover-animation-slide\" style=\"background-color:rgba(255,255,255,0);\" data-animationOffset=\"top-into-view\"><div class=\"heading heading-with-icon icon-left\"><div class=\"icon\"><i style=\"background-color:transparent;border-color:transparent;height:auto;width: 44px;line-height:normal;color:#e6427e;font-size:44px;\" aria-hidden=\"true\" class=\"fontawesome-icon fa fa-home circle-no\"><\/i><\/div><h2 class=\"content-box-heading\" style=\"font-size:18px;line-height:23px;\">Address Details<\/h2><\/div><div class=\"fusion-clearfix\"><\/div><div class=\"content-container\" style=\"color:#213284;\">\n<p style=\"text-align: center;\">WEX Facility Management Sp. z o.o.<br \/>\nul. Langiewicza 7\/3, 58-105 Swidnica, Poland<br \/>\nNIP: 8842769165<br \/>\nREGON:\u00a0365554550<br \/>\nKRS: 0000639998<\/p>\n<\/div><\/div><\/div><div class=\"fusion-column content-box-column content-box-column content-box-column-2 col-lg-3 col-md-3 col-sm-3 fusion-content-box-hover \"><div class=\"col content-box-wrapper content-wrapper link-area-box icon-hover-animation-slide\" style=\"background-color:rgba(255,255,255,0);\" data-animationOffset=\"top-into-view\"><div class=\"heading heading-with-icon icon-left\"><div class=\"icon\"><i style=\"background-color:transparent;border-color:transparent;height:auto;width: 44px;line-height:normal;color:#e6427e;font-size:44px;\" aria-hidden=\"true\" class=\"fontawesome-icon fa fa-clock-o circle-no\"><\/i><\/div><h2 class=\"content-box-heading\" style=\"font-size:18px;line-height:23px;\">Oppening Hours<\/h2><\/div><div class=\"fusion-clearfix\"><\/div><div class=\"content-container\" style=\"color:#213284;\">\n<p style=\"text-align: center;\">We are open:<\/p>\n<p style=\"text-align: center;\">from Monday to Friday from 8 to 16<\/p>\n<\/div><\/div><\/div><div class=\"fusion-column content-box-column content-box-column content-box-column-3 col-lg-3 col-md-3 col-sm-3 fusion-content-box-hover \"><div class=\"col content-box-wrapper content-wrapper link-area-box icon-hover-animation-slide\" style=\"background-color:rgba(255,255,255,0);\" data-animationOffset=\"top-into-view\"><div class=\"heading heading-with-icon icon-left\"><div class=\"icon\"><i style=\"background-color:transparent;border-color:transparent;height:auto;width: 44px;line-height:normal;color:#e6427e;font-size:44px;\" aria-hidden=\"true\" class=\"fontawesome-icon fa fa-phone circle-no\"><\/i><\/div><h2 class=\"content-box-heading\" style=\"font-size:18px;line-height:23px;\">Telephone<\/h2><\/div><div class=\"fusion-clearfix\"><\/div><div class=\"content-container\" style=\"color:#213284;\">\n<p style=\"text-align: center;\">Office: +48 71 711 4301<\/p>\n<p style=\"text-align: center;\">Mobile: +48 796 210 115<\/p>\n<\/div><\/div><\/div><div class=\"fusion-column content-box-column content-box-column content-box-column-4 col-lg-3 col-md-3 col-sm-3 fusion-content-box-hover content-box-column-last content-box-column-last-in-row\"><div class=\"col content-box-wrapper content-wrapper link-area-box icon-hover-animation-slide\" style=\"background-color:rgba(255,255,255,0);\" data-animationOffset=\"top-into-view\"><div class=\"heading heading-with-icon icon-left\"><div class=\"icon\"><i style=\"background-color:transparent;border-color:transparent;height:auto;width: 44px;line-height:normal;color:#e6427e;font-size:44px;\" aria-hidden=\"true\" class=\"fontawesome-icon fa fa-envelope-o circle-no\"><\/i><\/div><h2 class=\"content-box-heading\" style=\"font-size:18px;line-height:23px;\">Address Email<\/h2><\/div><div class=\"fusion-clearfix\"><\/div><div class=\"content-container\" style=\"color:#213284;\">\n<p style=\"text-align: center;\"><a href=\"mailto:info@wexfm.pl\">info@wexfm.pl<\/a><br \/>\n<a href=\"mailto:biuro@wexfm.pl\">biuro@wexfm.pl<\/a><\/p>\n<\/div><\/div><\/div><style type=\"text\/css\">\n\t\t\t\t\t\t.fusion-content-boxes-1 .fusion-content-box-hover .heading-link:hover .icon i.circle-yes,\n\t\t\t\t\t\t.fusion-content-boxes-1 .fusion-content-box-hover .link-area-box:hover .heading-link .icon i.circle-yes,\n\t\t\t\t\t\t.fusion-content-boxes-1 .fusion-content-box-hover .link-area-link-icon-hover .heading .icon i.circle-yes,\n\t\t\t\t\t\t.fusion-content-boxes-1 .fusion-content-box-hover .link-area-box-hover .heading .icon i.circle-yes {\n\t\t\t\t\t\t\tbackground-color: transparent !important;\n\t\t\t\t\t\t\tborder-color: #e6427e !important;\n\t\t\t\t\t\t}<\/style><div class=\"fusion-clearfix\"><\/div><\/div><div class=\"fusion-clearfix\"><\/div><\/div><\/div><div class=\"fusion-layout-column fusion_builder_column fusion-builder-column-2 fusion_builder_column_1_1 1_1 fusion-one-full fusion-column-first fusion-column-last fusion-column-no-min-height\" style=\"margin-top:0px;margin-bottom:0px;\"><div class=\"fusion-column-wrapper fusion-flex-column-wrapper-legacy\" style=\"background-position:left top;background-repeat:no-repeat;-webkit-background-size:cover;-moz-background-size:cover;-o-background-size:cover;background-size:cover;padding: 0px 0px 0px 0px;\"><div class=\"fusion-sep-clear\"><\/div><div class=\"fusion-separator\" style=\"margin-left: auto;margin-right: auto;margin-top:50px;margin-bottom:50px;width:100%;max-width:50%;\"><\/div><div class=\"fusion-sep-clear\"><\/div><div class=\"fusion-text fusion-text-4\"><h2 style=\"text-align: center;\">WEX FM &#8211; FOR YOU BUSINESS, WE PROVIDE AND DELIVER ANY SERVICES RELATED TO FACILITY MANAGEMENT. WE ARE HERE FOR YOU<\/h2>\n<\/div><div class=\"fusion-sep-clear\"><\/div><div class=\"fusion-separator\" style=\"margin-left: auto;margin-right: auto;margin-top:50px;margin-bottom:50px;width:100%;max-width:50%;\"><\/div><div class=\"fusion-sep-clear\"><\/div><div class=\"fusion-clearfix\"><\/div><\/div><\/div><div class=\"fusion-layout-column fusion_builder_column fusion-builder-column-3 fusion_builder_column_1_2 1_2 fusion-one-half fusion-column-first\" style=\"width:48%; margin-right: 4%;margin-top:0px;margin-bottom:20px;\"><div class=\"fusion-column-wrapper fusion-flex-column-wrapper-legacy\" style=\"background-position:left top;background-repeat:no-repeat;-webkit-background-size:cover;-moz-background-size:cover;-o-background-size:cover;background-size:cover;background-color:#ffffff;border:1px solid #e2e2e2;padding: 0px 0px 0px 0px;\"><div class=\"fusion-text fusion-text-5\"><p style=\"text-align: center;\"><img decoding=\"async\" class=\"alignnone wp-image-1199 size-full\" src=\"https:\/\/www.wexfm.pl\/wp-content\/uploads\/2015\/02\/Pozostale-Serwisy-120x120-6.jpg\" alt=\"WEX Facility Management\" width=\"120\" height=\"120\" srcset=\"https:\/\/www.wexfm.pl\/wp-content\/uploads\/2015\/02\/Pozostale-Serwisy-120x120-6-66x66.jpg 66w, https:\/\/www.wexfm.pl\/wp-content\/uploads\/2015\/02\/Pozostale-Serwisy-120x120-6.jpg 120w\" sizes=\"(max-width: 120px) 100vw, 120px\" \/><\/p>\n<p style=\"text-align: center;\">Our experts are waiting for your questions. WEX domain is its professional approach to customer satisfaction and willingness to give.<\/p>\n<\/div><div class=\"fusion-clearfix\"><\/div><\/div><\/div><div class=\"fusion-layout-column fusion_builder_column fusion-builder-column-4 fusion_builder_column_1_2 1_2 fusion-one-half fusion-column-last\" style=\"width:48%;margin-top:0px;margin-bottom:20px;\"><div class=\"fusion-column-wrapper fusion-flex-column-wrapper-legacy\" style=\"background-position:left top;background-repeat:no-repeat;-webkit-background-size:cover;-moz-background-size:cover;-o-background-size:cover;background-size:cover;background-color:#ffffff;border:1px solid #e2e2e2;padding: 0px 0px 0px 0px;\"><div class=\"fusion-text fusion-text-6\"><p style=\"text-align: center;\"><img decoding=\"async\" class=\"alignnone size-full wp-image-1195\" src=\"https:\/\/www.wexfm.pl\/wp-content\/uploads\/2015\/02\/Pozostale-Serwisy-120x120-3.jpg\" alt=\"WEX Najlepszy Serwis na Rynku\" width=\"120\" height=\"120\" srcset=\"https:\/\/www.wexfm.pl\/wp-content\/uploads\/2015\/02\/Pozostale-Serwisy-120x120-3-66x66.jpg 66w, https:\/\/www.wexfm.pl\/wp-content\/uploads\/2015\/02\/Pozostale-Serwisy-120x120-3.jpg 120w\" sizes=\"(max-width: 120px) 100vw, 120px\" \/><\/p>\n<p style=\"text-align: center;\">WEX always looking for the best solutions. We treat our Clients individually tailoring all our services to their needs.<\/p>\n<\/div><div class=\"fusion-clearfix\"><\/div><\/div><\/div><\/div><\/div>\n","protected":false},"excerpt":{"rendered":"","protected":false},"author":1,"featured_media":0,"parent":0,"menu_order":0,"comment_status":"closed","ping_status":"open","template":"contact.php","meta":{"footnotes":""},"class_list":["post-1452","page","type-page","status-publish","hentry"],"yoast_head":"<!-- This site is optimized with the Yoast SEO plugin v27.5 - https:\/\/yoast.com\/product\/yoast-seo-wordpress\/ -->\n<title>Contact Us | WEX Facility Management | Integrated Facility Management<\/title>\n<meta name=\"description\" content=\"WEX Facility Management your Mobile FM Integrator. Comprehensively manage buildings in the field of Facility Management. Invite us to work together.\" \/>\n<meta name=\"robots\" content=\"index, follow, max-snippet:-1, max-image-preview:large, max-video-preview:-1\" \/>\n<link rel=\"canonical\" href=\"https:\/\/www.wexfm.pl\/index.php\/en\/contact-us\/\" \/>\n<meta property=\"og:locale\" content=\"pl_PL\" \/>\n<meta property=\"og:type\" content=\"article\" \/>\n<meta property=\"og:title\" content=\"Contact Us | WEX Facility Management | Integrated Facility Management\" \/>\n<meta property=\"og:description\" content=\"WEX Facility Management your Mobile FM Integrator. Comprehensively manage buildings in the field of Facility Management. Invite us to work together.\" \/>\n<meta property=\"og:url\" content=\"https:\/\/www.wexfm.pl\/index.php\/en\/contact-us\/\" \/>\n<meta property=\"og:site_name\" content=\"Mobilny Zarz\u0105dca Nieruchomo\u015bci | WEX Facility Management\" \/>\n<meta property=\"article:publisher\" content=\"https:\/\/www.facebook.com\/wexfm\/\" \/>\n<meta property=\"article:modified_time\" content=\"2017-01-29T21:19:45+00:00\" \/>\n<meta property=\"og:image\" content=\"https:\/\/www.wexfm.pl\/wp-content\/uploads\/2015\/02\/Pozostale-Serwisy-120x120-6.jpg\" \/>\n<meta name=\"twitter:card\" content=\"summary_large_image\" \/>\n<meta name=\"twitter:site\" content=\"@wex_fm\" \/>\n<meta name=\"twitter:label1\" content=\"Szacowany czas czytania\" \/>\n\t<meta name=\"twitter:data1\" content=\"4 minuty\" \/>\n<script type=\"application\/ld+json\" class=\"yoast-schema-graph\">{\"@context\":\"https:\\\/\\\/schema.org\",\"@graph\":[{\"@type\":\"WebPage\",\"@id\":\"https:\\\/\\\/www.wexfm.pl\\\/index.php\\\/en\\\/contact-us\\\/\",\"url\":\"https:\\\/\\\/www.wexfm.pl\\\/index.php\\\/en\\\/contact-us\\\/\",\"name\":\"Contact Us | WEX Facility Management | Integrated Facility Management\",\"isPartOf\":{\"@id\":\"https:\\\/\\\/www.wexfm.pl\\\/#website\"},\"primaryImageOfPage\":{\"@id\":\"https:\\\/\\\/www.wexfm.pl\\\/index.php\\\/en\\\/contact-us\\\/#primaryimage\"},\"image\":{\"@id\":\"https:\\\/\\\/www.wexfm.pl\\\/index.php\\\/en\\\/contact-us\\\/#primaryimage\"},\"thumbnailUrl\":\"https:\\\/\\\/www.wexfm.pl\\\/wp-content\\\/uploads\\\/2015\\\/02\\\/Pozostale-Serwisy-120x120-6.jpg\",\"datePublished\":\"2016-12-29T14:32:17+00:00\",\"dateModified\":\"2017-01-29T21:19:45+00:00\",\"description\":\"WEX Facility Management your Mobile FM Integrator. Comprehensively manage buildings in the field of Facility Management. Invite us to work together.\",\"breadcrumb\":{\"@id\":\"https:\\\/\\\/www.wexfm.pl\\\/index.php\\\/en\\\/contact-us\\\/#breadcrumb\"},\"inLanguage\":\"pl-PL\",\"potentialAction\":[{\"@type\":\"ReadAction\",\"target\":[\"https:\\\/\\\/www.wexfm.pl\\\/index.php\\\/en\\\/contact-us\\\/\"]}]},{\"@type\":\"ImageObject\",\"inLanguage\":\"pl-PL\",\"@id\":\"https:\\\/\\\/www.wexfm.pl\\\/index.php\\\/en\\\/contact-us\\\/#primaryimage\",\"url\":\"https:\\\/\\\/www.wexfm.pl\\\/wp-content\\\/uploads\\\/2015\\\/02\\\/Pozostale-Serwisy-120x120-6.jpg\",\"contentUrl\":\"https:\\\/\\\/www.wexfm.pl\\\/wp-content\\\/uploads\\\/2015\\\/02\\\/Pozostale-Serwisy-120x120-6.jpg\"},{\"@type\":\"BreadcrumbList\",\"@id\":\"https:\\\/\\\/www.wexfm.pl\\\/index.php\\\/en\\\/contact-us\\\/#breadcrumb\",\"itemListElement\":[{\"@type\":\"ListItem\",\"position\":1,\"name\":\"Home\",\"item\":\"https:\\\/\\\/www.wexfm.pl\\\/\"},{\"@type\":\"ListItem\",\"position\":2,\"name\":\"Contact Us\"}]},{\"@type\":\"WebSite\",\"@id\":\"https:\\\/\\\/www.wexfm.pl\\\/#website\",\"url\":\"https:\\\/\\\/www.wexfm.pl\\\/\",\"name\":\"Mobilny Zarz\u0105dca Nieruchomo\u015bci | WEX Facility Management\",\"description\":\"Zintegrowane us\u0142ugi Facility Management | Wsparcie Proces\u00f3w Produkcyjnych\",\"publisher\":{\"@id\":\"https:\\\/\\\/www.wexfm.pl\\\/#organization\"},\"potentialAction\":[{\"@type\":\"SearchAction\",\"target\":{\"@type\":\"EntryPoint\",\"urlTemplate\":\"https:\\\/\\\/www.wexfm.pl\\\/?s={search_term_string}\"},\"query-input\":{\"@type\":\"PropertyValueSpecification\",\"valueRequired\":true,\"valueName\":\"search_term_string\"}}],\"inLanguage\":\"pl-PL\"},{\"@type\":\"Organization\",\"@id\":\"https:\\\/\\\/www.wexfm.pl\\\/#organization\",\"name\":\"WEX Facility Management Sp. z o.o. | Wsparcie Proces\u00f3w Przemys\u0142owych\",\"url\":\"https:\\\/\\\/www.wexfm.pl\\\/\",\"logo\":{\"@type\":\"ImageObject\",\"inLanguage\":\"pl-PL\",\"@id\":\"https:\\\/\\\/www.wexfm.pl\\\/#\\\/schema\\\/logo\\\/image\\\/\",\"url\":\"https:\\\/\\\/www.wexfm.pl\\\/wp-content\\\/uploads\\\/2016\\\/07\\\/Logo_WEX_Facility_Managment.png\",\"contentUrl\":\"https:\\\/\\\/www.wexfm.pl\\\/wp-content\\\/uploads\\\/2016\\\/07\\\/Logo_WEX_Facility_Managment.png\",\"width\":266,\"height\":79,\"caption\":\"WEX Facility Management Sp. z o.o. | Wsparcie Proces\u00f3w Przemys\u0142owych\"},\"image\":{\"@id\":\"https:\\\/\\\/www.wexfm.pl\\\/#\\\/schema\\\/logo\\\/image\\\/\"},\"sameAs\":[\"https:\\\/\\\/www.facebook.com\\\/wexfm\\\/\",\"https:\\\/\\\/x.com\\\/wex_fm\",\"https:\\\/\\\/www.linkedin.com\\\/company\\\/wex_facility\\\/\"]}]}<\/script>\n<!-- \/ Yoast SEO plugin. -->","yoast_head_json":{"title":"Contact Us | WEX Facility Management | Integrated Facility Management","description":"WEX Facility Management your Mobile FM Integrator. Comprehensively manage buildings in the field of Facility Management. Invite us to work together.","robots":{"index":"index","follow":"follow","max-snippet":"max-snippet:-1","max-image-preview":"max-image-preview:large","max-video-preview":"max-video-preview:-1"},"canonical":"https:\/\/www.wexfm.pl\/index.php\/en\/contact-us\/","og_locale":"pl_PL","og_type":"article","og_title":"Contact Us | WEX Facility Management | Integrated Facility Management","og_description":"WEX Facility Management your Mobile FM Integrator. Comprehensively manage buildings in the field of Facility Management. Invite us to work together.","og_url":"https:\/\/www.wexfm.pl\/index.php\/en\/contact-us\/","og_site_name":"Mobilny Zarz\u0105dca Nieruchomo\u015bci | WEX Facility Management","article_publisher":"https:\/\/www.facebook.com\/wexfm\/","article_modified_time":"2017-01-29T21:19:45+00:00","og_image":[{"url":"https:\/\/www.wexfm.pl\/wp-content\/uploads\/2015\/02\/Pozostale-Serwisy-120x120-6.jpg","type":"","width":"","height":""}],"twitter_card":"summary_large_image","twitter_site":"@wex_fm","twitter_misc":{"Szacowany czas czytania":"4 minuty"},"schema":{"@context":"https:\/\/schema.org","@graph":[{"@type":"WebPage","@id":"https:\/\/www.wexfm.pl\/index.php\/en\/contact-us\/","url":"https:\/\/www.wexfm.pl\/index.php\/en\/contact-us\/","name":"Contact Us | WEX Facility Management | Integrated Facility Management","isPartOf":{"@id":"https:\/\/www.wexfm.pl\/#website"},"primaryImageOfPage":{"@id":"https:\/\/www.wexfm.pl\/index.php\/en\/contact-us\/#primaryimage"},"image":{"@id":"https:\/\/www.wexfm.pl\/index.php\/en\/contact-us\/#primaryimage"},"thumbnailUrl":"https:\/\/www.wexfm.pl\/wp-content\/uploads\/2015\/02\/Pozostale-Serwisy-120x120-6.jpg","datePublished":"2016-12-29T14:32:17+00:00","dateModified":"2017-01-29T21:19:45+00:00","description":"WEX Facility Management your Mobile FM Integrator. Comprehensively manage buildings in the field of Facility Management. Invite us to work together.","breadcrumb":{"@id":"https:\/\/www.wexfm.pl\/index.php\/en\/contact-us\/#breadcrumb"},"inLanguage":"pl-PL","potentialAction":[{"@type":"ReadAction","target":["https:\/\/www.wexfm.pl\/index.php\/en\/contact-us\/"]}]},{"@type":"ImageObject","inLanguage":"pl-PL","@id":"https:\/\/www.wexfm.pl\/index.php\/en\/contact-us\/#primaryimage","url":"https:\/\/www.wexfm.pl\/wp-content\/uploads\/2015\/02\/Pozostale-Serwisy-120x120-6.jpg","contentUrl":"https:\/\/www.wexfm.pl\/wp-content\/uploads\/2015\/02\/Pozostale-Serwisy-120x120-6.jpg"},{"@type":"BreadcrumbList","@id":"https:\/\/www.wexfm.pl\/index.php\/en\/contact-us\/#breadcrumb","itemListElement":[{"@type":"ListItem","position":1,"name":"Home","item":"https:\/\/www.wexfm.pl\/"},{"@type":"ListItem","position":2,"name":"Contact Us"}]},{"@type":"WebSite","@id":"https:\/\/www.wexfm.pl\/#website","url":"https:\/\/www.wexfm.pl\/","name":"Mobilny Zarz\u0105dca Nieruchomo\u015bci | WEX Facility Management","description":"Zintegrowane us\u0142ugi Facility Management | Wsparcie Proces\u00f3w Produkcyjnych","publisher":{"@id":"https:\/\/www.wexfm.pl\/#organization"},"potentialAction":[{"@type":"SearchAction","target":{"@type":"EntryPoint","urlTemplate":"https:\/\/www.wexfm.pl\/?s={search_term_string}"},"query-input":{"@type":"PropertyValueSpecification","valueRequired":true,"valueName":"search_term_string"}}],"inLanguage":"pl-PL"},{"@type":"Organization","@id":"https:\/\/www.wexfm.pl\/#organization","name":"WEX Facility Management Sp. z o.o. | Wsparcie Proces\u00f3w Przemys\u0142owych","url":"https:\/\/www.wexfm.pl\/","logo":{"@type":"ImageObject","inLanguage":"pl-PL","@id":"https:\/\/www.wexfm.pl\/#\/schema\/logo\/image\/","url":"https:\/\/www.wexfm.pl\/wp-content\/uploads\/2016\/07\/Logo_WEX_Facility_Managment.png","contentUrl":"https:\/\/www.wexfm.pl\/wp-content\/uploads\/2016\/07\/Logo_WEX_Facility_Managment.png","width":266,"height":79,"caption":"WEX Facility Management Sp. z o.o. | Wsparcie Proces\u00f3w Przemys\u0142owych"},"image":{"@id":"https:\/\/www.wexfm.pl\/#\/schema\/logo\/image\/"},"sameAs":["https:\/\/www.facebook.com\/wexfm\/","https:\/\/x.com\/wex_fm","https:\/\/www.linkedin.com\/company\/wex_facility\/"]}]}},"_links":{"self":[{"href":"https:\/\/www.wexfm.pl\/index.php\/wp-json\/wp\/v2\/pages\/1452","targetHints":{"allow":["GET"]}}],"collection":[{"href":"https:\/\/www.wexfm.pl\/index.php\/wp-json\/wp\/v2\/pages"}],"about":[{"href":"https:\/\/www.wexfm.pl\/index.php\/wp-json\/wp\/v2\/types\/page"}],"author":[{"embeddable":true,"href":"https:\/\/www.wexfm.pl\/index.php\/wp-json\/wp\/v2\/users\/1"}],"replies":[{"embeddable":true,"href":"https:\/\/www.wexfm.pl\/index.php\/wp-json\/wp\/v2\/comments?post=1452"}],"version-history":[{"count":7,"href":"https:\/\/www.wexfm.pl\/index.php\/wp-json\/wp\/v2\/pages\/1452\/revisions"}],"predecessor-version":[{"id":1614,"href":"https:\/\/www.wexfm.pl\/index.php\/wp-json\/wp\/v2\/pages\/1452\/revisions\/1614"}],"wp:attachment":[{"href":"https:\/\/www.wexfm.pl\/index.php\/wp-json\/wp\/v2\/media?parent=1452"}],"curies":[{"name":"wp","href":"https:\/\/api.w.org\/{rel}","templated":true}]}}